{"id":625,"date":"2020-02-28T10:12:26","date_gmt":"2020-02-28T09:12:26","guid":{"rendered":"https:\/\/www.csenarchery.org\/?page_id=625"},"modified":"2020-10-08T08:44:26","modified_gmt":"2020-10-08T06:44:26","slug":"istruttori-allenatori-maestri-e-formatori","status":"publish","type":"page","link":"https:\/\/www.csenarchery.org\/index.php\/istruttori-allenatori-maestri-e-formatori\/","title":{"rendered":"Istruttori, Allenatori, Maestri e Formatori"},"content":{"rendered":"\n<p>Pubblichiamo sul nostro sito il contenuto dei programmi <strong>dei primi due livelli<\/strong> di formazione tecnica previsti per il Settore Arco (e pi\u00f9 precisamente quelli di \u201c<em>Istruttore<\/em>\u201d e \u201c<em>Allenatore<\/em>\u201d). Mentre i primi due livelli di formazione vengono gestiti a livello decentrato gli altri due vengono necessariamente gestiti a livello centrale.<\/p>\n\n\n\n<p>I livelli di formazione nello CSEN (con riferimento al settore) sono quelli di:<\/p>\n\n\n\n<ol><li>\u201c<strong>Istruttore<\/strong>\u201d (primo livello): si tratta del livello iniziale di formazione dei nostri <em><strong>operatori<\/strong> <\/em>sportivi. Per il conseguimento della qualifica di primo livello sar\u00e0 necessario che il candidato abbia maturato almeno un anno (suggeriti due) di precedente esperienza in ambito arcieristico ed abbia raggiunto i necessari risultati di apprendimento corrispondenti alle competenze richieste.<\/li><li>\u201c<strong>Allenatore<\/strong>\u201d (secondo livello): si tratta del livello avanzato di formazione che segue il primo livello. La qualifica richiede l\u2019accertamento delle competenze necessarie per operare con atleti (ed eventualmente con squadre di questi) impegnati in attivit\u00e0 locali, regionali o di specializzazione iniziale. Si pu\u00f2 accedere a questo livello soltanto dopo avere conseguito la qualifica di primo livello, essendo inteso che il conseguimento della qualifica di secondo livello resta subordinata al fatto che l\u2019allenatore raggiunga i necessari risultati di apprendimento, corrispondenti alle competenze richieste.<\/li><li>\u201c<strong>Maestro<\/strong>\u201d (terzo livello). La qualifica caratterizza un allenatore non solo in grado di svolgere il ruolo di secondo livello ma anche quello di coordinare il lavoro di altri tecnici ed allenare atleti (e\/o squadre di questi) di profilo e capacit\u00e0 sempre pi\u00f9 elevate. Va da s\u00e9 che il conseguimento della qualifica di terzo livello \u00e8 subordinata al fatto che che l\u2019allenatore raggiunga i necessari risultati di apprendimento, corrispondenti alle variegate competenze richieste.<\/li><li>\u201c<strong>Formatore<\/strong>\u201d (quarto livello). La qualifica individua soggetti capaci di lavorare con compiti di gestione e responsabilit\u00e0 \u201c<em>di team di lavoro<\/em>\u201d sempre pi\u00f9 articolati e complessi in contesti elevati, di respiro anche internazionale; tali soggetti sono altres\u00ec competenti a partecipare ed a dirigere attivit\u00e0 di ricerca nell\u2019ambito della formazione e\/o di programmi di sviluppo del talento. Come per tutti i superiori livelli il conseguimento di questa qualifica, \u00e8 subordinata al fatto che i candidati raggiungano i necessari risultati di apprendimento corrispondenti alle variegate ed articolate competenze richieste.<\/li><\/ol>\n","protected":false},"excerpt":{"rendered":"<p>Pubblichiamo sul nostro sito il contenuto dei programmi dei primi due livelli di formazione tecnica previsti per il Settore Arco<\/p>\n","protected":false},"author":1,"featured_media":0,"parent":0,"menu_order":0,"comment_status":"closed","ping_status":"closed","template":"","meta":[],"folder":[],"yoast_head":"<!-- This site is optimized with the Yoast SEO plugin v15.6.2 - https:\/\/yoast.com\/wordpress\/plugins\/seo\/ -->\n<title>Istruttori, Allenatori, Maestri e Formatori - CSEN Settore Nazionale Tiro con l&#039;Arco<\/title>\n<meta name=\"robots\" content=\"index, follow, max-snippet:-1, max-image-preview:large, max-video-preview:-1\" \/>\n<link rel=\"canonical\" href=\"https:\/\/www.csenarchery.org\/index.php\/istruttori-allenatori-maestri-e-formatori\/\" \/>\n<meta property=\"og:locale\" content=\"it_IT\" \/>\n<meta property=\"og:type\" content=\"article\" \/>\n<meta property=\"og:title\" content=\"Istruttori, Allenatori, Maestri e Formatori - CSEN Settore Nazionale Tiro con l&#039;Arco\" \/>\n<meta property=\"og:description\" content=\"Pubblichiamo sul nostro sito il contenuto dei programmi dei primi due livelli di formazione tecnica previsti per il Settore Arco\" \/>\n<meta property=\"og:url\" content=\"https:\/\/www.csenarchery.org\/index.php\/istruttori-allenatori-maestri-e-formatori\/\" \/>\n<meta property=\"og:site_name\" content=\"CSEN Settore Nazionale Tiro con l&#039;Arco\" \/>\n<meta property=\"article:modified_time\" content=\"2020-10-08T06:44:26+00:00\" \/>\n<meta name=\"twitter:card\" content=\"summary_large_image\" \/>\n<meta name=\"twitter:label1\" content=\"Tempo di lettura stimato\">\n\t<meta name=\"twitter:data1\" content=\"2 minuti\">\n<script type=\"application\/ld+json\" class=\"yoast-schema-graph\">{\"@context\":\"https:\/\/schema.org\",\"@graph\":[{\"@type\":\"Organization\",\"@id\":\"https:\/\/www.csenarchery.org\/#organization\",\"name\":\"Csen Archery\",\"url\":\"https:\/\/www.csenarchery.org\/\",\"sameAs\":[],\"logo\":{\"@type\":\"ImageObject\",\"@id\":\"https:\/\/www.csenarchery.org\/#logo\",\"inLanguage\":\"it-IT\",\"url\":\"\",\"caption\":\"Csen Archery\"},\"image\":{\"@id\":\"https:\/\/www.csenarchery.org\/#logo\"}},{\"@type\":\"WebSite\",\"@id\":\"https:\/\/www.csenarchery.org\/#website\",\"url\":\"https:\/\/www.csenarchery.org\/\",\"name\":\"CSEN Settore Nazionale Tiro con l&#039;Arco\",\"description\":\"\",\"publisher\":{\"@id\":\"https:\/\/www.csenarchery.org\/#organization\"},\"potentialAction\":[{\"@type\":\"SearchAction\",\"target\":\"https:\/\/www.csenarchery.org\/?s={search_term_string}\",\"query-input\":\"required name=search_term_string\"}],\"inLanguage\":\"it-IT\"},{\"@type\":\"WebPage\",\"@id\":\"https:\/\/www.csenarchery.org\/index.php\/istruttori-allenatori-maestri-e-formatori\/#webpage\",\"url\":\"https:\/\/www.csenarchery.org\/index.php\/istruttori-allenatori-maestri-e-formatori\/\",\"name\":\"Istruttori, Allenatori, Maestri e Formatori - CSEN Settore Nazionale Tiro con l&#039;Arco\",\"isPartOf\":{\"@id\":\"https:\/\/www.csenarchery.org\/#website\"},\"datePublished\":\"2020-02-28T09:12:26+00:00\",\"dateModified\":\"2020-10-08T06:44:26+00:00\",\"breadcrumb\":{\"@id\":\"https:\/\/www.csenarchery.org\/index.php\/istruttori-allenatori-maestri-e-formatori\/#breadcrumb\"},\"inLanguage\":\"it-IT\",\"potentialAction\":[{\"@type\":\"ReadAction\",\"target\":[\"https:\/\/www.csenarchery.org\/index.php\/istruttori-allenatori-maestri-e-formatori\/\"]}]},{\"@type\":\"BreadcrumbList\",\"@id\":\"https:\/\/www.csenarchery.org\/index.php\/istruttori-allenatori-maestri-e-formatori\/#breadcrumb\",\"itemListElement\":[{\"@type\":\"ListItem\",\"position\":1,\"item\":{\"@type\":\"WebPage\",\"@id\":\"https:\/\/www.csenarchery.org\/\",\"url\":\"https:\/\/www.csenarchery.org\/\",\"name\":\"Home\"}},{\"@type\":\"ListItem\",\"position\":2,\"item\":{\"@type\":\"WebPage\",\"@id\":\"https:\/\/www.csenarchery.org\/index.php\/istruttori-allenatori-maestri-e-formatori\/\",\"url\":\"https:\/\/www.csenarchery.org\/index.php\/istruttori-allenatori-maestri-e-formatori\/\",\"name\":\"Istruttori, Allenatori, Maestri e Formatori\"}}]}]}<\/script>\n<!-- \/ Yoast SEO plugin. -->","_links":{"self":[{"href":"https:\/\/www.csenarchery.org\/index.php\/wp-json\/wp\/v2\/pages\/625"}],"collection":[{"href":"https:\/\/www.csenarchery.org\/index.php\/wp-json\/wp\/v2\/pages"}],"about":[{"href":"https:\/\/www.csenarchery.org\/index.php\/wp-json\/wp\/v2\/types\/page"}],"author":[{"embeddable":true,"href":"https:\/\/www.csenarchery.org\/index.php\/wp-json\/wp\/v2\/users\/1"}],"replies":[{"embeddable":true,"href":"https:\/\/www.csenarchery.org\/index.php\/wp-json\/wp\/v2\/comments?post=625"}],"version-history":[{"count":0,"href":"https:\/\/www.csenarchery.org\/index.php\/wp-json\/wp\/v2\/pages\/625\/revisions"}],"wp:attachment":[{"href":"https:\/\/www.csenarchery.org\/index.php\/wp-json\/wp\/v2\/media?parent=625"}],"wp:term":[{"taxonomy":"folder","embeddable":true,"href":"https:\/\/www.csenarchery.org\/index.php\/wp-json\/wp\/v2\/folder?post=625"}],"curies":[{"name":"wp","href":"https:\/\/api.w.org\/{rel}","templated":true}]}}